*z + 99471 = 40*z + 33*z. Is z a composite number?
True
Is (-1)/(-2) + ((-8713348)/(-8) + -13 - 5) composite?
True
Let g = -39 + 43. Suppose -f - 5*k - 8 = 0, f - g*k + 3*k = 4. Let z = f - -60. Is z composite?
True
Let w(t) = t**2 - 16*t + 18. Let f be w(14). Suppose 0 = -4*r + 8*r. Is 4/f + r + (-6314)/(-10) a prime number?
True
Suppose 18*y - 4 = 22*y, r - 130986 = -5*y. Is r prime?
False
Suppose -11*p + 5*p + 4*d + 301834 = 0, -2*d = 2*p - 100628. Is p a composite number?
True
Let m be (2*(-9)/5)/((-2)/5). Let f be m/3 - (-1 - 2*-2). Suppose 3*r + 371 = -5*g + 3017, f = 3*g - 9. Is r composite?
False
Let c = -15777 - -25621. Suppose 2*p - 5843 = 6781. Suppose -c = -4*i + p. Is i a composite number?
True
Let l = -63 - -70. Suppose l*z + 394 = 8*z. Is z composite?
True
Let f be (-2)/(-7 - -5)*8015. Suppose 6*h - f - 6451 = 0. Is h composite?
False
Let t(d) = -1738*d - 196. Let m be t(-10). Let n = m + -3589. Is n composite?
True
Let y be (4*-6)/(-6) - 8 - 5. Let c(n) = -26*n**3 - 20*n**2 - 9*n - 38. Is c(y) a composite number?
False
Suppose -907151 = -3*n + 1276*m - 1275*m, -2*n + 4*m = -604774. Is n composite?
True
Suppose 11*c = 6*c + 286580. Is ((-2)/6)/(5 + c/(-11463)) composite?
False
Let l = -176882 + 299099. Is l a composite number?
True
Let t(h) = 36368*h - 1449. Is t(4) a composite number?
True
Suppose 5*j = 601675 - 112715. Is (-7)/(-5) + j/20 prime?
False
Let u(i) = i**3 + 2*i**2 - 4*i + 3. Let k be u(3). Suppose 25*a - k = 16*a. Suppose 4*w + 3354 = a*z - 1090, 4444 = 4*z - w. Is z prime?
False
Let c(x) = -20 - 7*x - x**3 - 2*x**2 + 2*x**3 + 3*x**2 - 16*x**2. Is c(19) composite?
False
Let o(r) = 122*r**2 + 10*r - 47. Let y be o(7). Suppose 0*h - 13 = -h. Suppose 0 = -h*i + y + 2670. Is i a composite number?
True
Let r(t) = -t**3 + 3*t**2 - 5*t + 9. Let b be r(2). Let m be (-1378 + 4)*(-1)/b. Let w = m + -259. Is w prime?
True
Let d(r) = -8*r**3 + 8*r**2 - 8*r + 13. Let i(y) = -y**3 + 21*y**2 - 19*y - 27. Let k be i(20). Is d(k) a composite number?
True
Suppose -5*y = -850 + 850. Suppose 23*h - 8*h - 172110 = y. Is h prime?
False
Let c = -4512 - -5181. Is c prime?
False
Is 543800 + (-20 - -30) + -5 a composite number?
True
Suppose -42*t + 43*t - 8104770 = -89*t. Is t composite?
False
Let o(s) = -2*s**2 + 13*s + 51. Let t be o(9). Suppose t*f - 62360 = -2*f. Is f prime?
False
Is 4472295/(-10)*(-38)/57 a composite number?
False
Suppose 473 + 865 = 2*n. Suppose -4*l + 1424 = 4*k, 4*k - 1404 = -4*l + 5*k. Let x = n - l. Is x prime?
True
Suppose 7*s - 6*s + 10 = -2*o, 2*s = -o - 17. Is (-2)/((-8)/35148) + s a composite number?
False
Let r(p) = -3*p**3 - 19*p**2 + 11*p - 30. Let j = 372 - 389. Is r(j) a prime number?
False
Let a(t) = -t**3 + 6*t**2 + 2*t + 15. Is a(-22) a composite number?
False
Let b be 3/2*(34/6 + -3). Let y be ((-6)/b)/(6/(-40)). Let s(t) = 4*t**2 + 14*t + 1. Is s(y) prime?
True
Let b = 4439 - -5850. Is b a prime number?
True
Let w be ((-22)/77)/(2/(-28)) + 12154. Suppose 12168 = 4*d + 4*t, 17*d - 2*t = 21*d - w. Is d prime?
True
Suppose -97*x - 530 = -203*x. Let z(v) = v**3 + v**2 + 4*v - 1. Let g be z(5). Suppose -5*c = x*a - 600 + 170, -2*a - c + g = 0. Is a a prime number?
True
Let j be 1*(-4 - (9 + -10)). Suppose 0 = -2*x - 3*x - 34260. Is (-1)/((-4)/x*j) a composite number?
False
Suppose -8*j - 150570 = -29*j. Suppose -6*m - j = -19062. Is m composite?
True
Is 34351 + (-474)/(-869) + (-12)/22 composite?
False
Suppose -118*u + 97*u + 1884309 = 0. Is u a prime number?
False
Let j(d) be the third derivative of 73*d**5/30 - d**4/6 - 11*d**3/6 - 15*d**2. Let b be 1/(-4) - (-19)/(-4). Is j(b) composite?
False
Suppose 3562 + 32954 = 12*u. Is u a prime number?
False
Let k(v) = -24*v**3 + v**2 - 11*v + 27. Let c be (99/18 + -5)/(2/(-20)). Is k(c) a composite number?
True
Suppose 12*j = 3*i + 21381, 3*j = -j + 5*i + 7107. Is j prime?
True
Let x = 875 - 532. Suppose x*p + 168077 = 350*p. Is p a composite number?
True
Let o(m) = 75*m**2 - 36*m + 14. Let w be o(15). Let y = w - 7708. Is y composite?
False
Let x(q) = -3*q**3 + 4*q**2 - 5*q - 31. Let z be x(8). Is -6 + (-80)/(-8) - 1*z a prime number?
False
Suppose 0 = 4*b - n - 356, -2*n + 295 = 5*b - 163. Is ((-434205)/b)/((-2)/4) prime?
True
Suppose 5*z + 3 = -0*o + 3*o, 2*z + o - 1 = 0. Suppose 6*s - 44 - 70 = z. Is s a prime number?
True
Let j(y) = 12*y**3 - 12*y + y**2 - 24 + 11*y - 5*y**3. Let h be j(6). Suppose 4*b - h = 3334. Is b composite?
False
Let n = 60905 + -34821. Suppose 8*b - n = -4*s + 4*b, b = 0. Is s prime?
True
Let z(c) = c**3 + 16*c**2 + 26*c - 20. Let p be z(-14). Is (32/p - -753)*2 composite?
True
Suppose m = -5*k + 969532, 139*k - 4*m = 136*k + 581710. Is k composite?
True
Let o(l) = 9*l + 21. Let c be o(-1). Let k(u) = 2*u**2 + 20*u + 6. Let b(h) = -2*h**2 - 19*h - 5. Let z(y) = 3*b(y) + 4*k(y). Is z(c) a prime number?
False
Suppose -d = -5*m + 5, 3*m = 5*d + 36 - 11. Let v be ((-2)/(-2))/(-6 - d). Is (-2518)/(-12) - (-3)/18 - v a composite number?
False
Let a(v) = -2*v**3 - 7*v**2 + 3*v - 2. Let q = 23 - 27. Let k be a(q). Suppose 3*w + k*w - 955 = 0. Is w a composite number?
False
Let v = 215654 + -118647. Is v a composite number?
False
Let b(n) = 4*n**2 + 31*n + 425. Is b(-66) composite?
False
Let q = -96313 + 139826. Is q a composite number?
True
Let a(p) = -p**3 - 16*p**2 + 8*p - 41. Suppose k = -z - 19, -3*z + 25 = k + 84. Is a(z) composite?
False
Let i(k) = -3*k**2 + 4*k - 4. Let x be i(3). Let t be (x/(-3) + -6)/((-2)/(-18)). Suppose -1220 = -2*p - t*z, -3069 = -8*p + 3*p + 2*z. Is p prime?
True
Let r = -2740 - -4264. Let d be 9 - (18 - 39/3). Suppose 0 = d*l - 0*l - r. Is l a composite number?
True
Let f be (0 - -148) + (-6)/(-12)*6. Let y = 202 + f. Is y composite?
False
Suppose 4*f + 7 = -9. Suppose -75*w = 1404 + 696. Is (-2565)/f - w/(-112) prime?
True
Let g(a) = 3265*a**2 + 119. Is g(-6) composite?
False
Let a(i) = 20*i - 15. Suppose -m - 1309 = -157. Let g be m/(-112) + 2/(-7). Is a(g) a composite number?
True
Let h(f) = -6737*f - 4094. Is h(-41) a composite number?
True
Suppose 4*n - 40 = -r - 15, -4*r = 5*n - 45. Suppose -470 = n*s - 5*z, -3*s + 4*z - 61 = 217. Let q = 165 + s. Is q prime?
True
Let y(o) = 3*o**2 + 2*o + 3. Let l be y(-1). Suppose l*r = -0*r + 6628. Is r prime?
True
Let y = -30993 + 49134. Is y prime?
False
Suppose 4*o - 95 = 45. Suppose 80978 = o*v - 89157. Is v a composite number?
False
Suppose -7*c = -2923 + 10119. Let y = -601 - c. Is y composite?
True
Let x = -160 + 163. Let a be 2/(-5) - 27/(-5). Suppose a*d + 2*q - 270 = x*d, 0 = 4*d - 4*q - 572. Is d prime?
True
Let t = 592482 - -354317. Is t a prime number?
False
Suppose 71*s + 2661380 = 4101595 + 2910452. Is s prime?
False
Let x be ((-36)/(-10))/(4/(-30)). Suppose 0 = -2*d - 5 - 7. Is (-1447)/(-9) + d/x a prime number?
False
Suppose 17801380 = 188*n - 15357833 - 4830511. Is n a prime number?
False
Let i(j) = -3*j - 21. Let n be i(-7). Suppose 4*p - 4*t - 10996 = n, -10996 = -4*p - 0*p + 3*t. Is p composite?
False
Let q(f) = f**2 + 7*f - 5. Let p be q(0). Let a(h) = 139*h**2 - 33*h - 1. Is a(p) composite?
True
Is 56778932/(-42)*(-4 + -4 + 39/6) composite?
True
Let z(q) = q**2 - 3*q + 17. Let t(y) = 2*y**2 - 5*y + 35. Let w(v) = 2*t(v) - 5*z(v). Let x be w(0). Is (-2)/15 + (-8477)/x a composite number?
True
Let h = 220269 + 5158. Is h prime?
True
Suppose 104317 + 47988 = 5*p + v, 0 = -v. Is p a composite number?
True
Let j = 413 + 761. Let c = j + -633. Is c a prime number?
True
Let f be ((-3)/(-6))/(1/(-158)). Suppose 34*d = 42*d - 2128. Let o = d + f. Is o a composite number?
True
Let w be 3*((-28)/(-6) + -4). Suppose -w*u - 1142 - 138 = z, 0 = -5*u + 4*z - 3187. Let j = -428 - u. Is j a prime number?
True
Let y(b) = 146*b**2 + 199*b + 428. Is y(87) a prime number?
False
Let p = 32 - 27. Suppose -5*t = -4*k + 5, 4*k + 20 = 5*t + p*k. Suppose 3*v = t*i - 3453, 2*i - 3*i = -5*v - 1151. Is i prime?
True
Is (-400)/(-120)*486015/10 a prime number?
False
Let t = -547994 + 1001205. Is t a composite number?
True
Let n(i) be the second derivative of -i**5/20 - i**4/2 - 5*i**3/6 + 2*i**2 - 17*i. Let c be n(-7). Let d = c + -53. Is d prime?
False
Let z = -46 + 49. Suppose 0 = z*r + 14 - 32. Is ((-2302)/r)/(2/(-6)) a composite number?
False
Let h = 1287327 - -3075